t h(d) = -d**3 + 18*d**2 - 55*d + 60. Give h(5).
110
Let c(j) = j**2 + 42*j + 331. Give c(-12).
-29
Let u(l) = -635*l + 3887. Calculate u(6).
77
Let z(o) = -108*o - 2183. What is z(-19)?
-131
Let u(z) = z**2 - 23*z + 137. Give u(7).
25
Let y(o) = 18*o - 133. Give y(5).
-43
Let k(i) = i**3 - 121*i**2 + 1403*i + 54. Calculate k(108).
-54
Let p(i) = 3*i**3 - 32*i**2 + 13*i + 58. What is p(10)?
-12
Let g(t) = 146*t - 17511. Calculate g(120).
9
Let t(w) = -149*w + 111. Determine t(1).
-38
Let u(g) = -g**3 - 19*g**2 + 21*g + 13. Give u(-20).
-7
Let v(b) = -b**2 - 2*b + 23. Give v(8).
-57
Let w(z) = 5*z**2 + 154*z - 801. What is w(5)?
94
Let u(b) = -69*b + 27. Calculate u(-4).
303
Let u(m) = 7*m**2 - 20*m. Determine u(-2).
68
Let k(z) = -z**3 - 8*z**2 + 11*z - 4. Calculate k(-9).
-22
Let l(q) = 4*q**2 + 48*q + 265. What is l(-5)?
125
Let m(j) = -j**3 + j**2 + 6*j + 47. Give m(-4).
103
Let y(k) = k**3 + 38*k**2 + 305*k - 85. Calculate y(-26).
97
Let m(t) = 25*t + 198. What is m(-5)?
73
Let p(n) = -17*n - 682. What is p(-39)?
-19
Let h(r) = -r**3 - 17*r**2 - 20*r - 25. Determine h(-17).
315
Let v(y) = -3*y**2 - 28*y + 89. Give v(-12).
-7
Let c(q) = 40*q**2 + 5*q - 8. Give c(2).
162
Let m(p) = -p**3 - 2*p**2 - 3*p - 13. Give m(-5).
77
Let k(l) = l + 64. Determine k(-24).
40
Let y(z) = -2*z**3 + 18*z**2 + 10*z - 103. Give y(9).
-13
Let a(z) = 43*z + 59. Determine a(-2).
-27
Let r(m) = 2*m**3 - 27*m**2 - 6*m + 98. Calculate r(13).
-149
Let a(l) = -l**2 - 9*l + 61. What is a(6)?
-29
Let y(j) = -132*j - 123. Determine y(-1).
9
Let k(m) = -61*m + 409. Determine k(6).
43
Let q(z) = 103*z**3 + 2*z**2 + 3*z + 2. Give q(-1).
-102
Let v(i) = -i**3 - 7*i**2 + 1178*i + 1. Determine v(31).
1
Let v(l) = -l**2 - 51*l + 149. Calculate v(-57).
-193
Let r(c) = 46*c - 81. Determine r(5).
149
Let p(w) = 350*w + 16444. Determine p(-47).
-6
Let o(x) = -2*x**3 - 147*x**2 + 2253*x - 49. Calculate o(13).
3
Let b(t) = 183*t - 31851. What is b(174)?
-9
Let j(o) = 3*o**3 + 79*o**2 + 23*o - 41. Give j(-26).
37
Let p(q) = 105*q - 196. What is p(5)?
329
Let w(f) = -35*f**2 + 45*f + 73. Give w(-1).
-7
Let m(f) = f**3 + 2*f**2 - 17*f + 29. Calculate m(0).
29
Let w(d) = -98*d - 784. Calculate w(-8).
0
Let v(d) = -8*d**3 - 88*d**2 - 121*d - 1343. Determine v(-11).
-12
Let s(d) = -24*d - 156. Calculate s(0).
-156
Let b(x) = 2*x**2 + 27*x - 28. Determine b(4).
112
Let m(j) = -11*j**2 - 210*j - 32. Calculate m(-19).
-13
Let k(b) = -26*b**2 + b - 10. What is k(2)?
-112
Let p(n) = -4*n**3 + 1342*n**2 + 665*n + 2359. Calculate p(336).
7
Let g(a) = 2*a**2 - 35*a - 232. What is g(-7)?
111
Let w(o) = o**3 - 121*o - 34. Calculate w(11).
-34
Let o(x) = -x**3 - 10*x**2 + 19*x - 76. What is o(-12)?
-16
Let c(k) = k**3 - 10*k**2 + 5*k - 23. Calculate c(12).
325
Let z(q) = -2*q**2 - 19*q + 3. Determine z(-4).
47
Let f(p) = 48*p**2 + 93*p - 2. Calculate f(-2).
4
Let f(c) = 13*c - 158. Calculate f(12).
-2
Let a(m) = 5*m**3 - 5*m**2 + 5*m - 28. Determine a(3).
77
Let d(n) = -53*n - 331. Give d(-6).
-13
Let n(g) = -g**2 - 5*g + 213. Determine n(-22).
-161
Let a(v) = 1709*v + 1698. Calculate a(-1).
-11
Let u(b) = -678*b + 5. Give u(0).
5
Let j(n) = 2*n**2 - 46*n - 45. Give j(-1).
3
Let h(c) = c**2 + 171*c + 6798. Give h(-108).
-6
Let h(u) = -u**3 + 330*u**2 - 4132*u + 3489. Determine h(317).
2
Let b(m) = -m**2 + 205*m + 9164. Give b(-37).
210
Let s(q) = q**3 + 10*q**2 - 4*q - 8. Determine s(-11).
-85
Let b(p) = -70*p**2 - 13*p - 13. Give b(-1).
-70
Let b(s) = 1503*s + 3000. Determine b(-2).
-6
Let c(l) = -17*l**2 + 445*l - 504. Give c(25).
-4
Let q(l) = -203*l + 4012. Determine q(20).
-48
Let c(u) = -u**2 - 9*u + 864. Calculate c(25).
14
Let n(i) = i**2 - 24*i + 58. Calculate n(2).
14
Let u(i) = i**3 + 20*i**2 + 90*i + 4. Give u(-13).
17
Let c(u) = -2*u**2 - 206*u + 2758. Determine c(12).
-2
Let y(t) = 24*t - 358. Give y(17).
50
Let t(u) = u**3 - 36*u**2 + 211*u + 384. Determine t(28).
20
Let r(w) = 27*w**3 - 2*w**2 - 18*w - 17. Calculate r(-1).
-28
Let l(j) = -337*j - 8041. Calculate l(-24).
47
Let g(v) = -362*v - 33. Calculate g(0).
-33
Let l(j) = -j**3 - 22*j**2 + 6*j - 364. Give l(-23).
27
Let t(c) = c**2 - 3*c - 25. Give t(7).
3
Let s(c) = -c**3 + 8*c**2 - 25*c + 256. Give s(8).
56
Let c(b) = -b**2 + 26*b - 227. Determine c(26).
-227
Let o(c) = 2*c**3 - 20*c**2 - 10*c + 27. Calculate o(10).
-73
Let r(t) = -t**2 - 5*t + 52. Give r(-7).
38
Let p(u) = 2*u**3 - 24*u**2 - 238*u + 2884. What is p(12)?
28
Let c(g) = -25*g - 278. Give c(-11).
-3
Let z(o) = o**3 - 12*o**2 - 11*o + 220. Calculate z(11).
-22
Let g(r) = -7481*r - 59885. Give g(-8).
-37
Let f(j) = -j**2 + 36*j - 298. Give f(18).
26
Let n(h) = 2*h**2 - 265*h + 8711. Calculate n(72).
-1
Let g(u) = -8*u**2 - 10*u + 53. Calculate g(-5).
-97
Let r(l) = -37*l**2 + 100*l + 45. Give r(3).
12
Let b(a) = a**2 + 4*a + 16. What is b(-8)?
48
Let q(x) = x**3 - 11*x**2 - 9*x - 10. What is q(12)?
26
Let y(s) = -s**2 - 330*s - 9829. Determine y(-33).
-28
Let v(p) = -19*p**3 - 131*p**2 + 18*p + 3. Calculate v(-7).
-25
Let a(q) = -4*q - 70. Give a(-2).
-62
Let l(g) = g**2 + 38*g + 203. Give l(-30).
-37
Let g(q) = -2806*q - 67361. Give g(-24).
-17
Let j(u) = -u**2 + 219*u - 11110. Determine j(139).
10
Let l(z) = 2199*z - 17642. Determine l(8).
-50
Let x(s) = s**3 + 57*s**2 - 234*s - 39. Give x(4).
1
Let z(d) = 8*d + 52. Determine z(-5).
12
Let q(y) = 8*y**3 - 17*y**2 + 12*y - 5. What is q(2)?
15
Let s(m) = -13*m**3 - 232*m**2 - 555*m - 7. Calculate s(-15).
-7
Let j(w) = 2*w**2 + 7*w + 8. Determine j(0).
8
Let o(t) = 3*t - 328. Give o(-11).
-361
Let g(h) = -18*h + 17. Give g(3).
-37
Let v(i) = -34*i - 66. Calculate v(-2).
2
Let i(t) = t**2 - 3*t - 111. Give i(3).
-111
Let k(a) = -a**2 - 55*a + 8756. Determine k(70).
6
Let z(f) = f**2 + 20*f + 7. Determine z(13).
436
Let h(z) = -z**3 + 48*z**2 - z + 52. Determine h(48).
4
Let a(v) = 84*v + 1399. What is a(-16)?
55
Let c(r) = 12*r**3 + 277*r**2 + 24*r + 10. Determine c(-23).
-13
Let r(k) = 32*k - 35. Give r(1).
-3
Let v(r) = 2188*r + 19685. Give v(-9).
-7
Let c(q) = -q**3 - 27*q**2 + 55*q - 84. Determine c(-29).
3
Let p(o) = -198*o - 41196. What is p(-208)?
-12
Let b(j) = 24*j + 1332. What is b(-54)?
36
Let y(j) = 5506*j - 22036. Calculate y(4).
-12
Let f(u) = 5*u + 157. Calculate f(-39).
-38
Let a(t) = t**2 + 652*t + 7689. Determine a(-12).
9
Let k(b) = -6*b**3 - 24*b**2 - 8*b - 187. Give k(-5).
3
Let l(s) = -2*s**3 + 5*s**2 + 23*s + 14. Give l(7).
-266
Let z(w) = -284*w + 86. Determine z(-4).
1222
Let a(o) = 3*o**2 - 23*o + 97. What is a(4)?
53
Let z(k) = -k**3 - 7*k**2 + 4*k. Give z(-3).
-48
Let a(s) = -480*s - 26438. Give a(-55).
-38
Let c(o) = 15*o - 134. Give c(5).
-59
Let x(v) = 142*v - 6447. What is x(45)?
-57
Let g(f) = -10*f**2 + 335*f - 186. Give g(33).
-21
Let f(g) = -4*g**2 - 45*g + 61. What is f(-12)?
25
Let w(x) = 64*x + 481. Calculate w(-13).
-351
Let i(f) = f**3 - 12*f**2 + 6*f + 25. What is i(11)?
-30
Let z(h) = -h**2 + 2772*h - 19373. What is z(7)?
-18
Let r(p) = 316*p + 12006. Determine r(-38).
-2
Let u(t) = -27*t - 48. Give u(3).
-129
Let j(t) = -28*t - 29. What is j(11)?
-337
Let h(b) = -2*b**2 + 52*b + 465. Calculate h(-7).
3
Let y(a) = 4*a**2 + 8*a - 490. Calculate y(10).
-10
Let t(h) = h**2 + 7656*h + 68819. Determine t(-9).
-4
Let g(p) = p**2 + 14*p - 2. Determine g(5).
93
Let n(m) = -746*m**2 - 66*m + 67. Calculate n(1).
-745
Let a(h) = 4*h - 390. Give a(35).
-250
Let j(f) = -2*f**3 - 6*f**2 - 54*f - 332. Give j(-7).
438
Let m(h) = -h**3 + 6*h**2 + 12*h + 1. Calculate m(7).
36
Let h(g) = g**3 - 103*g**2 - 2320*g + 232. What is h(122)?
-12
Let h(b) = 17*b + 36. Calculate h(-12).
-168
Let a(h) = 9*h**2 + 110*h - 992. Determine a(6).
-8
Let d(o) = -o**2 - 12*o - 44. Calculate d(-6).
-8
Let p(a) = 2*a**2 - 15*a - 1751. Give p(35).
174
Let g(i) = -144*i - 1390. Determine g(-10).
50
Let h(u) = -26*u + 128. Give h(12).
-184
Let g(f) = f**2 + 98*f - 302. Determine g(3).
1
Let m(b) = -8*b + 376. Calculate m(37).
80
Let b(a) = -a**3 + 5*a**2 + 14*a - 5. Calculate b(7).
-5
Let r(i) = -33*i**2 + 178*i + 126. Calculate r(6).
6
Let v(r) = 2*r**2 - 74*r + 648. Calculate v(12).
48
Let f(z) = -91*z - 1822. Determine f(-20).
-2
Let i(y) = 23*y**2 - 35*y + 109. Calculate i(3).
211
Let h(g) = -3791*g + 276741